mmon factor of s and f.
4
Let c(w) = 8*w - 69. Let u be c(11). Let k = -537 - -974. What is the highest common divisor of u and k?
19
Let q = -12640 - -12928. What is the highest common factor of 45 and q?
9
Let h = -380 + 330. Let t be 35/(-14) + h/(-4). Calculate the greatest common factor of t and 670.
10
Let v be (-9 - (-100)/10)/((-2)/(-9684)). What is the greatest common divisor of 36 and v?
18
Suppose -9*r + 12656 = 104*r. What is the highest common factor of 623 and r?
7
Let w be 10*12/(-30)*-1. Suppose 2 = 3*p + 5, -2*p = -w*s + 206. Calculate the highest common factor of 21 and s.
3
Suppose 0 = 3*j - 3*b - 37 - 122, 0 = -5*j + 3*b + 279. What is the highest common divisor of j and 128?
4
Suppose 3*c = -4*r + 2, c + 4*r - 4 = -14. Suppose -33 = -5*u + 512. Suppose -15*h = u - 469. What is the greatest common factor of h and c?
6
Let d = 23317 + -23193. Calculate the highest common divisor of 3503 and d.
31
Let w(j) = 8*j**3 - j - 6. Suppose -37*g + 123 + 62 = 0. Let d be w(g). What is the greatest common divisor of 23 and d?
23
Let g be (10 + -20)*(0 + (-123)/2). Let r be (-37)/(-74) + g/2. What is the greatest common divisor of 44 and r?
44
Suppose -2*b + 81*b - 7584 = 0. What is the highest common factor of 1120 and b?
32
Suppose 6*o - 10*o + 224 = 0. Let b = o - 49. Suppose 4*t + 156 = 3*v, -v - 4*t = -76 + 8. What is the greatest common divisor of v and b?
7
Suppose -24 = -4*i, -277*i = 4*c - 281*i - 36. Let g be 0/3 + 282 - -3. What is the highest common factor of c and g?
15
Let z be (-12)/(-8)*(-6)/(-9). Let f be ((-106)/(-159))/(z - 193/195). What is the greatest common divisor of 20 and f?
5
Let r(z) = 2*z**3 + 37*z**2 + 28*z + 182. Let o be r(-18). Calculate the highest common divisor of 222 and o.
2
Suppose 4*o = -14 + 14. Suppose -j + 5*j + 4*a = 192, o = -5*a. Calculate the highest common factor of 192 and j.
48
Let b(n) = 2*n**2 - 5*n + 178. Let y be b(-16). Let i = y + -669. Calculate the greatest common factor of 1313 and i.
101
Suppose -2*s = -w - 94, -34*s + 31*s - 2*w = -134. Let d(g) = -31*g - 10. Let o be d(-7). Calculate the highest common factor of o and s.
23
Let k(w) = 25*w**2 - 4*w - 5. Let z be 104/(-3) - ((-6)/(-9))/(-1). Let g = z + 33. Let n be k(g). Calculate the greatest common factor of 3 and n.
3
Let l be 2/(-11) + (-92)/(-22). Suppose -l*i - n + 0*n = -82, -2*i + 52 = -5*n. Let d = 1043 + -1036. Calculate the greatest common divisor of i and d.
7
Suppose 0 = -61*w + 63*w + 3*n - 1880, -w = -n - 930. Calculate the highest common divisor of 2 and w.
2
Suppose -549*u - 607707 = -3300552. Calculate the highest common factor of u and 405.
45
Suppose 0 = n - 218 - 162. Let b = n - 256. Calculate the greatest common factor of 4 and b.
4
Suppose 2*h - 3 = -11, -d - 2*h = 0. Suppose 127*q - 128*q + 3*o + 22 = 0, -4*o - 40 = -4*q. Calculate the highest common factor of q and d.
4
Let x(n) = -n**3 + 9*n**2 - 8*n - 7. Let w be x(8). Let m(v) = -10*v**2 - 96*v - 14. Let r be m(w). What is the highest common factor of r and 24?
24
Suppose -220*z - 12 = -223*z. Suppose -12*y + z = -20. Let k be ((-3)/(-2))/((-12)/(-176)). What is the highest common factor of y and k?
2
Let k = 300 + -69. Suppose -8*n + 15 = -1. Suppose 0*o + n*o = 5*s - 163, -2*o = s - 35. What is the greatest common divisor of s and k?
33
Let y(c) = -c - 14. Let x be y(10). Let m = 20 + x. Let g be 2 - 0 - (3 + m + 1). Calculate the greatest common factor of g and 8.
2
Let p(q) be the second derivative of -5*q**3/6 + 47*q**2/2 - 68*q. Let s be p(3). What is the highest common factor of s and 72?
8
Suppose 11340 = 26*i + 58*i. What is the greatest common factor of 243 and i?
27
Let d be 21411/(-135) + (-1)/((-10)/6). Let u = -143 - d. Let y be 493/3 - (-4)/6. Calculate the highest common divisor of y and u.
15
Suppose 878*r - 862*r - 41120 = 0. Calculate the highest common factor of 10 and r.
10
Suppose 3*p + 0*p = 24. Let r(s) = -2*s + 24. Let i be r(p). Suppose i*q - 64 - 80 = 0. What is the greatest common divisor of 6 and q?
6
Suppose 11*w = 21*w - 2750. Suppose w*b + 36 = 276*b. What is the highest common divisor of b and 576?
36
Let g be 2/10 - 145/(-25). Suppose 0 = -g*i + 4*i + 16. Calculate the greatest common divisor of 1 and i.
1
Let k(i) = -8*i**2 - 6 - i**3 + 31*i**2 - 61*i + 24*i - 3. Let d be k(21). Let g = -34 - -50. Calculate the greatest common divisor of d and g.
16
Let p be ((0 - 12 - 2) + 6)*(-17706)/4. What is the greatest common divisor of p and 156?
156
Let a be 6735/(-20)*32/(-6). Let n be 1/(-3 + 0 - a/(-598)). What is the highest common divisor of 13 and n?
13
Suppose -378 = -58*w + 54*w - 66. Calculate the greatest common factor of 8229 and w.
39
Suppose 269*g = -497*g + 254 + 29620. Suppose 0 = -4*q + 1444 + 1208. What is the highest common factor of q and g?
39
Suppose -3*a + 1 = 5*p, 3*p + 11 = a + 3*a. Suppose -3*z + 0*z = -5*y - 138, 5*z - 199 = -a*y. Let t = z + -25. What is the highest common divisor of 8 and t?
8
Let o = 8956 - 6964. What is the highest common divisor of o and 72?
24
Suppose -56*v = 667 - 2347. What is the greatest common factor of 335 and v?
5
Let p(v) = v**3 - 12*v**2 + 37. Let h be p(11). Let z be (-4)/(-14) + (-8796)/h. Calculate the highest common divisor of 45 and z.
15
Suppose 0 = 3*q + 2*x - 977, -7*x + 1303 = 4*q - 4*x. Calculate the highest common factor of q and 338.
13
Suppose -3*x + 4*c + 5 = -17, 0 = -2*x - 4*c - 12. Let k be 0/(-4) - (-19 - x). What is the highest common divisor of k and 609?
21
Suppose -286*p + 150366 = 18234. Calculate the greatest common divisor of p and 105.
21
Let i = -6309 + 6359. What is the highest common factor of i and 3200?
50
Suppose -1513 = 40*t - 8713. Let k = 182 - t. Let p = -4 + 9. What is the highest common factor of p and k?
1
Let o = -161 - -956. Calculate the greatest common factor of 255 and o.
15
Suppose -4*y = y - 2*t - 577, -3*y = -3*t - 339. Let b(k) = k + 17. Suppose 16 = -24*c + 20*c. Let o be b(c). What is the highest common factor of y and o?
13
Suppose -7*b + 487 = 21*b - 1473. Calculate the highest common divisor of b and 56.
14
Suppose -2*j + 23 = -d, 7*j - 85 = 2*j - 3*d. Let y(m) = -m**2 + 12*m + 38. Let l be y(j). Calculate the greatest common factor of l and 35.
5
Suppose -1388*q - 1105000 = -1438*q. Calculate the greatest common divisor of q and 40.
20
Let i(l) = -l + 880 - 12*l**3 - 880 + l**2. Let h be ((-4)/8)/((-1)/(-2)). Let x be i(h). What is the greatest common factor of x and 14?
14
Suppose 0 = 118*j - 116*j - 472. Let m = j + -213. Calculate the greatest common factor of m and 851.
23
Let v = -449 + 818. Suppose 5*z + n - 1076 = -261, -2*z + 318 = 2*n. Let g be (1/2)/(2/z). Calculate the greatest common factor of g and v.
41
Suppose 4*y + x = 121, 7*y - 4*x - 1880 = -1743. Suppose 0 = 4*a - 0*a - 24. What is the highest common divisor of a and y?
3
Let q be (771 - (-1 - -2))/(26/52). Calculate the greatest common divisor of q and 5852.
308
Let f(c) = c**2 + 5*c + 44. Let l be 110/(-33)*(-9)/(-6). Let h be f(l). Calculate the greatest common divisor of h and 572.
44
Let w(b) = 14*b**2 + 25*b - 25. Let p be w(1). Suppose 75 = 2*z - 3*h, 2*z = -4*h - p + 54. Let n = 24 - 4. What is the highest common divisor of z and n?
10
Suppose -6306 + 1770 = -3*t. Suppose 82*m - 78*m - t = 0. What is the greatest common factor of m and 81?
27
Suppose 39903 = -338*u + 321119. Calculate the greatest common factor of u and 988.
52
Let y = 9697 + -9673. Calculate the greatest common factor of 4344 and y.
24
Let l be 9/(3/27*(-153)/(-14943)). What is the highest common divisor of l and 27?
27
Suppose -5*z + 3*z + l = -558, -3*l + 18 = 0. Let j be 5 + -2 - (75/(-5))/5. Calculate the greatest common divisor of z and j.
6
Let n = -27 + 43. Suppose n*b - 20 = 6*b. Suppose -2*y + 4*t = -32, b*t + 8 = -2*y - 2*t. What is the greatest common factor of y and 66?
6
Let d(j) = 15*j - 4*j**2 - j**3 + 8 - j**2 - j. Let t be d(-7). Calculate the highest common factor of t and 12.
4
Let t(c) = c**2 + 4*c + 4. Let f be t(-6). Suppose r = 5*m - 52, -5*r - 66 = -4*m - f. Suppose 4*x - m = 14. Calculate the highest common factor of x and 24.
6
Let m be -3 - (-15)/(-1)*7059/(-117). What is the highest common factor of 308 and m?
22
Let y be (291/(-2))/(